 20, 4*s + 4*v + 0*v - 5568 = z. Is s a prime number?
False
Let s = -94864 + 142797. Is s prime?
True
Let c(v) = 3*v**2 - 31 + 2*v**2 - 13*v - 18*v**3 - 9*v**3 + 5*v**3. Is c(-8) a prime number?
True
Suppose 2*l - 8*l - 24*l + 3745830 = 0. Is l prime?
False
Suppose 180595 = 3*u + 4*m, -335*u + 120402 = -333*u + 2*m. Is u prime?
True
Is (8/(-16))/((-4)/8 - (-226128)/452260) a composite number?
True
Let a(z) = 986*z**2 - 54*z + 557. Is a(6) a composite number?
False
Let r(i) = 3311*i**2 + 223*i - 27. Is r(13) composite?
True
Let b(q) = 4*q**2 + 13 - 79*q + 80*q + 11. Is b(-7) a composite number?
True
Let i be -6*(-50)/15 + -1 + 0. Let o(u) = 171*u + i + 2 - 4 - 3. Is o(8) prime?
False
Let p(m) = -56*m**3 + 2*m**2 - 9*m + 44. Let s be p(-9). Suppose 12*v - s = -4643. Is v prime?
False
Suppose 50*k - 1755181 = 5795572 + 5864697. Is k prime?
False
Let c = 915 - 802. Let k be 2/(-3)*(-7767)/3. Suppose 0 = 115*r - c*r - k. Is r prime?
True
Suppose 3*k - 6*k + 2*z + 53 = 0, 5*k - 79 = z. Is (-1580)/15*(1 - k/6) composite?
True
Let o(k) = 130*k + 7. Let m be o(5). Suppose 0 = 3*u - 3954 - m. Is u a composite number?
True
Suppose -n + 86*r - 81*r + 201482 = 0, -201446 = -n + r. Is n composite?
False
Suppose -290935 = -4*m + 147*l - 150*l, -4*m = -5*l - 290991. Is m a prime number?
True
Let g(v) = -3*v - 15. Let p be g(-7). Let m be 1 + -1 - (p + -8). Suppose -4*n + 2*j = -2074, 0 = 2*n + m*n + j - 2089. Is n prime?
True
Let n = 94 - 91. Let p(o) = 678*o - 21. Let j be p(n). Suppose 2*w = 359 + j. Is w composite?
True
Let z(h) = -h**2 - 9*h - 18. Let b be z(-6). Suppose -3*j + 2*w = -280 - 250, b = -3*j + 5*w + 524. Suppose x - 976 = j. Is x a prime number?
False
Let h(j) = 5*j + 22. Let a be h(-4). Suppose 9 - 17 = 4*i. Is 4208 - (6 + -9 + a + i) prime?
True
Suppose -8 = 4*z - 4*x - 36, 32 = 5*z - 4*x. Suppose z*g - 884 = 2916. Is 4 + (g - -1) + 3 composite?
True
Suppose -3*u - 10*u - 21*u = -8479498. Is u a prime number?
True
Suppose 4*r + 4*n - 49 + 5 = 0, 0 = 5*r + 2*n - 55. Suppose y - 23371 = -3*a, 4*y + 38929 = -r*a + 16*a. Is a composite?
False
Suppose 3*f = 4*t - 5 - 47, -2*t + 40 = -5*f. Is 2 + 59794/t + (-18)/45 composite?
False
Let j(l) = 4*l**3 - l**2 - l + 1. Let q be j(1). Let h = 424 + -338. Suppose -q + 0 = m, 4*m = 2*w - h. Is w composite?
False
Let x(l) = -2407*l**2 - l - 16. Let w be x(3). Let c = w - -41835. Is c prime?
False
Suppose 2*k - 30 = -3*l, 6*l + 3*k - 41 = 2*l. Suppose 0 = -3*a - 4*y + l, -y - 3 + 0 = 2*a. Let n(f) = -1028*f + 3. Is n(a) prime?
False
Suppose -29*l - 6*l + 5880617 = -12*l. Is l prime?
True
Suppose 0 = 2*f - 7*f + m + 9860, -3*m = -2*f + 3931. Let u = -430 + f. Is u a composite number?
False
Suppose 61*y - 3*n = 64*y + 57, -y + 5*n = 49. Let c(l) = -136*l - 191. Is c(y) a composite number?
True
Let s(k) = 241*k + 171. Let h be s(24). Let b = -2344 + h. Is b prime?
False
Let x(v) = v**2 - 5*v - 12. Let t be x(9). Suppose -z - 5*z - t = 0. Is (1060/(-16))/5*z a prime number?
True
Let d be 1 + -1 - (-3 - -13 - 26). Suppose -d*o - 15*o + 29047 = 0. Is o composite?
False
Let z(k) = -790*k**3 + k**2 + 6*k - 9. Let n be z(2). Let y = 2178 - n. Is y prime?
False
Let r = -13 - -15. Let n be r/(-1 - 9/(-6)). Suppose -4*p + 5707 = 3*b, n*p = -5*b - 0*p + 9501. Is b a composite number?
True
Suppose 23*i - 60 = 18*i. Let z = -15 + i. Is 7192/20 + z/5 composite?
False
Suppose 21*c + c = 66. Is c/9*(4 + 0 + 10055) composite?
True
Let f(a) = -5919*a - 2309. Is f(-14) prime?
True
Is 52252541/265 + (-22)/55 a composite number?
True
Suppose 24*k - 4 = 22*k. Suppose 4*c + 16254 = k*h, h - 5*c + 2*c - 8122 = 0. Is h a prime number?
False
Suppose l - 2*q = -7, 0 = l - 4*q - 0*q + 17. Suppose 2*g + 6*v + 26 = l*v, 0 = -5*v. Is (403/g)/(1/(-7)) a prime number?
False
Let h(f) = 6*f + 65. Let g(z) = -5*z - 65. Let o(p) = -3*g(p) - 2*h(p). Let a(l) = l**3 + 13*l**2 + 31*l - 17. Let j be a(-5). Is o(j) a prime number?
True
Suppose 0 = 3*i + 5*l + 2882, 3*i + 2846 = 12*l - 8*l. Let h = i - -3107. Is h a prime number?
True
Suppose -555*m - 20141091 = -560*m + a, 3*m = 5*a + 12084681. Is m a composite number?
True
Suppose 4*m - 10 + 6 = 0. Let c be (-8)/(10/(-5)) - m. Suppose -8*i + c*i + 245 = 5*k, -58 = -i - 4*k. Is i prime?
False
Let q(w) = -2*w**3 + 8*w**2 - 3*w - 1. Let l be q(3). Suppose 2*k = 2*a - 2186, 2*k + l = 4*k. Suppose a = 2*h + g, 0 = -5*h + 2*g + 1491 + 1238. Is h prime?
True
Let p(l) be the second derivative of -13*l + 9/2*l**2 - 1/6*l**3 + 31/12*l**4 + 0. Is p(-5) composite?
True
Let z(y) = 9*y**3 + 10*y**2 - 82*y + 10. Is z(43) a prime number?
True
Suppose -28*s = -18*s. Suppose s = 14*j - 30*j + 65456. Is j composite?
False
Let v = 112 - 107. Is 869/(20/v - 3) a prime number?
False
Let h = 248265 - 160642. Is h a prime number?
True
Suppose 264*a - 71260 = 257*a. Suppose 110*y - 120*y = -a. Is y composite?
True
Suppose -3*n - 21 = 5*b, 5*b + 25 = n - 6*n. Is 2609/n*(-40 + 38) a prime number?
True
Let i(a) = 6*a**2 + 203*a + 163. Let g be i(-33). Let x(o) = 2*o - 8*o**3 - 34*o**3 + 3 + 4*o**2 + 2*o. Is x(g) a prime number?
True
Is (3 + (-153716)/20)/((-33)/15 + 2) composite?
True
Let j = 70 - -459. Suppose -15 = 5*h, 4*w + 2*h - 157 = -1475. Let s = w + j. Is s prime?
False
Suppose 7*t - 130480 = -8*t - 44425. Is t prime?
True
Suppose -671*k + 619*k + 6783868 = 0. Is k prime?
False
Let o(l) = -l - 1. Let g(j) = -95*j - 17. Let f(r) = 96*r + 17. Let z(v) = -4*f(v) - 5*g(v). Let q(y) = 4*o(y) - z(y). Is q(-8) a composite number?
False
Suppose -303*g = -287*g - 306688. Let s = 5 + -5. Suppose s = 7*t - g + 891. Is t a prime number?
False
Let u(y) = y**2 - 7*y + 12. Suppose -18*m + 2*m = -64. Let t be u(m). Suppose -4*r + 2524 - 440 = t. Is r prime?
True
Let s = 492 + -486. Suppose 2*c + 23643 = -2*i - 3*c, -3*c = 9. Is s/(-10) + i/(-15) composite?
False
Let a(f) = 7*f**2 - 12*f + 238. Suppose 26*z - 22*z - 92 = 0. Is a(z) composite?
True
Suppose -600*q + 1701739 = -587*q. Is q prime?
False
Let p = 296 + -291. Suppose t = -h - h + 6708, -5*h = -p*t - 16755. Is h a prime number?
False
Let w(y) = y**2 - 5*y + 397. Suppose x + 1 = -5*i, -4*i + 3 = i - 3*x. Is w(i) a composite number?
False
Let p = 24025 - 49664. Let m = -9800 - p. Is m prime?
False
Let r(p) = p**3 + 2*p**2 - 2*p + 2649. Let z = -24 + 24. Is r(z) a prime number?
False
Is -5 + 14 + -8 + 27768 a prime number?
False
Let d(z) = -19*z + 212. Let l be d(11). Suppose -4*b + 23093 = l*b. Is b a composite number?
False
Suppose -8*s + 11*s + 5*h - 133043 = 0, 2*h = s - 44355. Is s a prime number?
True
Let p = -27 + 32. Let s(m) = 49*m - 2. Let u be s(1). Suppose -c - b = -36 - u, 2*b = p*c - 387. Is c prime?
True
Let i(b) = b**2 - 10*b + 14. Let p be i(8). Let x be ((-34)/(-7) + p)/(4/14). Suppose -5*r = x, -3*j - r + 3*r + 271 = 0. Is j prime?
True
Let s(x) be the third derivative of x**5/60 - 5*x**4/24 - 11*x**2. Let i be s(5). Suppose 4*k - 3387 + 63 = i. Is k composite?
True
Let i(z) = -z**2 + 25*z - 69. Let r be i(22). Is ((-14)/r)/((-10)/(-3855)) composite?
True
Let v(q) be the first derivative of 279*q**2/2 + 25*q + 2419. Suppose -a + 3 = -1. Is v(a) composite?
True
Suppose 0 = -6*o + 10*o - 36. Suppose 134220 = o*m - 4*m. Suppose 6*j + 6*j = m. Is j prime?
True
Let x(k) = 2580*k**3 + 17*k**2 - 23*k + 7. Is x(4) a prime number?
False
Suppose 11*d = 542711 + 353888. Is d a composite number?
False
Let m = -33 + 12. Let f(k) = -4*k + 2. Let d(h) = h + 1. Let u(o) = -4*d(o) + f(o). Is u(m) composite?
True
Is 1352/676 - 1*-50033*1 prime?
False
Let x(l) = 701 + 3*l - 128 - l. Let p be x(0). Suppose 5*y + 0*y + 573 = 3*g, 4*y + p = 3*g. Is g composite?
False
Let l = 15678 - 7234. Let y = 4217 + l. Is y a composite number?
True
Suppose 3*j - 13 = 2*m, -m + 5*j - 11 = -3*m. Let x be m/((-10)/(-25)) - -2. Is 6/x - 77745/(-5) a prime number?
False
Let t = -1440 - -1000. Let v = t + 583. Is v composite?
True
Suppose -305*t + 32095470 = -98486315. Is t composite?
False
Let f be (-6)/(-15) - 426634/(-65). Let j = f + 425. Is j a prime number?
False
Let x(m) = 855*m**2 + 48*m - 11. Is x(20) a composite number?
False
Suppose 88*a = 90*a - 6. Suppose 396 = a*t + 3*q, 0 = 36*q - 35*q - 5. Is t composite?
False
Let y = -4148 + 31759. Is y prime?
True
Suppose -3*l + 48 = 13*l. S